{"id":71,"date":"2017-04-12T12:11:48","date_gmt":"2017-04-12T12:11:48","guid":{"rendered":"http:\/\/www.tehceg.hr\/wp-2\/?page_id=71"},"modified":"2018-09-28T12:01:48","modified_gmt":"2018-09-28T12:01:48","slug":"kontakti","status":"publish","type":"page","link":"http:\/\/www.tehceg.hr\/wp-2\/kontakti\/","title":{"rendered":"KONTAKT"},"content":{"rendered":"<div id=\"pl-71\"  class=\"panel-layout\" ><div id=\"pg-71-0\"  class=\"panel-grid panel-no-style\" ><div id=\"pgc-71-0-0\"  class=\"panel-grid-cell\" ><div id=\"panel-71-0-0-0\" class=\"so-panel widget panel-first-child\" data-index=\"0\" ><\/div><div id=\"panel-71-0-0-1\" class=\"so-panel widget widget_sow-editor panel-last-child\" data-index=\"1\" ><div\n\t\t\t\n\t\t\tclass=\"so-widget-sow-editor so-widget-sow-editor-base\"\n\t\t\t\n\t\t>\n<div class=\"siteorigin-widget-tinymce textwidget\">\n\t<div><b>MALOPRODAJA:<\/b><\/div>\n<div>\u00a0<\/div>\n<div>\u017dELJEZARIJA<\/div>\n<div>\n<div>Petrova ulica 60,<\/div>\n<div>10000 Zagreb<\/div>\n<div>\n<div>\u00a0<\/div>\n<div>Tel: \u00a0\u00a0\u00a0<span style=\"color: #ff0000;\"><a href=\"tel:016055338\">01\/6055- 338<\/a><\/span><\/div>\n<div>Faks: <span style=\"color: #ff0000;\"><a href=\"tel:016055337\">01\/ 6055- 337<\/a><\/span><\/div>\n<div>\u00a0<\/div>\n<div>E-po\u0161ta: <a href=\"mailto:prodaja@tehceg.hr\">prodaja@tehceg.hr<\/a><\/div>\n<\/div>\n<\/div>\n<\/div>\n<\/div><\/div><\/div><div id=\"pgc-71-0-1\"  class=\"panel-grid-cell\" ><div id=\"panel-71-0-1-0\" class=\"so-panel widget widget_sow-editor panel-first-child panel-last-child\" data-index=\"2\" ><div\n\t\t\t\n\t\t\tclass=\"so-widget-sow-editor so-widget-sow-editor-base\"\n\t\t\t\n\t\t>\n<div class=\"siteorigin-widget-tinymce textwidget\">\n\t<p><iframe loading=\"lazy\" style=\"border: 0;\" src=\"https:\/\/www.google.com\/maps\/embed?pb=!1m18!1m12!1m3!1d10860.987923337176!2d15.997538999999986!3d45.817628!2m3!1f0!2f0!3f0!3m2!1i1024!2i768!4f13.1!3m3!1m2!1s0x4765d7aef4d5a2c3%3A0xe3e30630ead7520e!2sPetrova+ul.+60%2C+10000%2C+Zagreb%2C+Croatia!5e0!3m2!1sen!2sus!4v1504782459204\" width=\"600\" height=\"450\" frameborder=\"0\" allowfullscreen=\"allowfullscreen\"><\/iframe><\/p>\n<\/div>\n<\/div><\/div><\/div><\/div><div id=\"pg-71-1\"  class=\"panel-grid panel-no-style\" ><div id=\"pgc-71-1-0\"  class=\"panel-grid-cell\" ><div id=\"panel-71-1-0-0\" class=\"so-panel widget widget_sow-editor panel-first-child panel-last-child\" data-index=\"3\" ><div\n\t\t\t\n\t\t\tclass=\"so-widget-sow-editor so-widget-sow-editor-base\"\n\t\t\t\n\t\t>\n<div class=\"siteorigin-widget-tinymce textwidget\">\n\t<p><b>SJEDI\u0160TE:<\/b><\/p>\n<div>Dra\u0161ni\u010dka ulica 8,<\/div>\n<div>10000 Zagreb<\/div>\n<div>\u00a0<\/div>\n<div>\n<div>Branimir:\u00a0 <span style=\"color: #ff0000;\"><a href=\"tel:098570849\">098 570 849<\/a><\/span><\/div>\n<div>Hrvoje:\u00a0 \u00a0<span style=\"color: #ff0000;\"><a href=\"tel:098673088\">098 673 088<\/a><\/span><\/div>\n<div>\u00a0<\/div>\n<\/div>\n<div>\n<div>E-po\u0161ta: <a href=\"mailto:info@tehceg.hr\">info@tehceg.hr<\/a><\/div>\n<\/div>\n<\/div>\n<\/div><\/div><\/div><div id=\"pgc-71-1-1\"  class=\"panel-grid-cell\" ><div id=\"panel-71-1-1-0\" class=\"so-panel widget widget_sow-editor panel-first-child panel-last-child\" data-index=\"4\" ><div\n\t\t\t\n\t\t\tclass=\"so-widget-sow-editor so-widget-sow-editor-base\"\n\t\t\t\n\t\t>\n<div class=\"siteorigin-widget-tinymce textwidget\">\n\t<p><iframe loading=\"lazy\" src=\"https:\/\/www.google.com\/maps\/embed?pb=!1m18!1m12!1m3!1d2782.032312203999!2d15.921587915160659!3d45.79058037910612!2m3!1f0!2f0!3f0!3m2!1i1024!2i768!4f13.1!3m3!1m2!1s0x4765d6adca9435c5%3A0xafcf389cfd004caa!2sDra%C5%A1ni%C4%8Dka+ul.+8%2C+10000%2C+Zagreb%2C+Croatia!5e0!3m2!1sen!2sus!4v1504782905671\" width=\"600\" height=\"450\" frameborder=\"0\" style=\"border:0\" allowfullscreen><\/iframe><\/p>\n<\/div>\n<\/div><\/div><\/div><\/div><\/div>","protected":false},"excerpt":{"rendered":"<p>MALOPRODAJA: \u00a0 \u017dELJEZARIJA Petrova ulica 60, 10000 Zagreb \u00a0 Tel: \u00a0\u00a0\u00a001\/6055- 338 Faks: 01\/ 6055- 337 \u00a0 E-po\u0161ta: prodaja@tehceg.hr SJEDI\u0160TE: Dra\u0161ni\u010dka ulica 8, 10000 Zagreb \u00a0 Branimir:\u00a0 098 570 849 Hrvoje:\u00a0 \u00a0098 673 088 \u00a0 E-po\u0161ta: info@tehceg.hr<\/p>\n","protected":false},"author":1,"featured_media":0,"parent":0,"menu_order":5,"comment_status":"closed","ping_status":"closed","template":"","meta":{"footnotes":""},"class_list":["post-71","page","type-page","status-publish","hentry"],"_links":{"self":[{"href":"http:\/\/www.tehceg.hr\/wp-2\/wp-json\/wp\/v2\/pages\/71","targetHints":{"allow":["GET"]}}],"collection":[{"href":"http:\/\/www.tehceg.hr\/wp-2\/wp-json\/wp\/v2\/pages"}],"about":[{"href":"http:\/\/www.tehceg.hr\/wp-2\/wp-json\/wp\/v2\/types\/page"}],"author":[{"embeddable":true,"href":"http:\/\/www.tehceg.hr\/wp-2\/wp-json\/wp\/v2\/users\/1"}],"replies":[{"embeddable":true,"href":"http:\/\/www.tehceg.hr\/wp-2\/wp-json\/wp\/v2\/comments?post=71"}],"version-history":[{"count":32,"href":"http:\/\/www.tehceg.hr\/wp-2\/wp-json\/wp\/v2\/pages\/71\/revisions"}],"predecessor-version":[{"id":1373,"href":"http:\/\/www.tehceg.hr\/wp-2\/wp-json\/wp\/v2\/pages\/71\/revisions\/1373"}],"wp:attachment":[{"href":"http:\/\/www.tehceg.hr\/wp-2\/wp-json\/wp\/v2\/media?parent=71"}],"curies":[{"name":"wp","href":"https:\/\/api.w.org\/{rel}","templated":true}]}}